highest common factor of f and j?
10
Suppose 2*o = -2*r + 18, -4*o - 3*r + 23 = -2*o. Suppose o*q - 6*q = -70. Calculate the greatest common factor of q and 7.
7
Let v = 13 - 11. Let n be (-16 - -6)*(-1)/v. Suppose p - n = 3*b, -p + 105 = 4*p + 5*b. What is the highest common factor of p and 136?
17
Let f(x) = 4*x**2 + x + 22. Let n = 126 + -126. Let t be f(n). Calculate the greatest common divisor of 33 and t.
11
Let o(k) = -2*k**2 + 12*k + 26. Let u be o(12). Let r be (1 - u) + (0/(-4))/4. What is the highest common divisor of r and 17?
17
Let u = -9 + 18. Let v = 253 - 190. What is the greatest common factor of u and v?
9
Suppose 0 = 4*p - 16, -2*s - 2*s + 5*p = -300. Calculate the highest common factor of s and 4720.
80
Let n be (2037 - -12) + 8 + -11. Calculate the greatest common divisor of 33 and n.
33
Suppose 3*f = -2*g + 11 + 14, -4*g - 3*f = -47. Calculate the greatest common divisor of 11 and g.
11
Suppose -28 = -4*x - 2*a, 3*x + 0*x + 2*a = 23. Let n = 0 + x. Let g = -70 + 115. Calculate the greatest common divisor of n and g.
5
Let k(h) = -h**3 + 6*h**2 - 6*h + 15. Let f be k(5). What is the greatest common factor of 320 and f?
10
Suppose -5*m - 171 = -2*u, 5*u - 303 = u - 3*m. Let t = u - -92. Calculate the highest common divisor of t and 68.
34
Suppose 4*m + 52 - 64 = 0. Let r(d) = -d**3 + d - 1. Let w be r(2). Let t be 42/w*2*-1. What is the highest common factor of t and m?
3
Let f(q) = 50*q**2 - 4*q - 16. Let x be f(-2). What is the highest common divisor of 36 and x?
12
Let u = -539 + 545. Let v = -9 + 16. Let s = v - 5. Calculate the highest common divisor of u and s.
2
Let p(h) = 14*h + 93. Let q be p(-6). Suppose 650 + 322 = 6*d. What is the highest common factor of d and q?
9
Suppose p = 4*i - 12, 22 = 3*i + 7. Let y(n) = n**2 - 8*n + 11. Let u be 1 + -2 + 3 + 5. Let m be y(u). What is the greatest common factor of m and p?
4
Suppose 13 = 2*t - 55. Let d be 45223/533 + (-2)/(-39)*3. What is the greatest common divisor of d and t?
17
Let o(g) = g**2 + 32*g + 76. Let b be o(-30). What is the greatest common factor of 176 and b?
16
Let t(i) = -i + 112. Let k be t(0). Let f = 90 + -51. Let q be (-368)/(-26) - 6/f. Calculate the highest common factor of q and k.
14
Let c(n) = 8*n + 43. Let o be c(18). Let k = 29 + -12. Calculate the highest common divisor of k and o.
17
Suppose 2*i + 3*c = 143, -4*c + 0*c = -3*i + 206. Let y = 8 - 6. Suppose -4*t + 48 = 2*z, -2*z + 62 = 7*t - y*t. What is the highest common divisor of i and t?
14
Suppose -11*w + 6795 + 729 = 0. What is the highest common divisor of 152 and w?
76
Let h(g) = -3*g**2 + 104*g + 108. Let w be h(34). What is the highest common divisor of w and 55?
11
Let w be 1/1 - (-63)/(-18)*-6. What is the greatest common factor of w and 308?
22
Suppose 17*l - 27 - 7 = 0. Let s(j) = j + 14. Let t be s(-9). Calculate the greatest common divisor of l and t.
1
Let w be -3*8/156 - 134/(-26). Calculate the greatest common divisor of w and 15.
5
Let i(j) = 2*j + 13. Let g be i(7). Let n = -24 - -33. What is the greatest common factor of n and g?
9
Let x be (-86)/12 + -1 - -8 - 302/(-12). Suppose 3*j + 608 = 5*b - 267, -3*b + j + 525 = 0. Calculate the greatest common divisor of b and x.
25
Suppose x - 95 = -4*x. What is the greatest common factor of 133 and x?
19
Suppose -z - 4 = s, 2*z + 1 = -s - 4. Let k = s + 6. Suppose 21 = -k*p + 54. Calculate the highest common factor of 11 and p.
11
Let k = 5 - 2. Let t be k/(-27)*3*0. Suppose t = -5*c - 0*c + 20, 0 = -4*h + c + 28. Calculate the highest common factor of 2 and h.
2
Let t be (2 - 0)/((-8)/(-1748)). What is the highest common factor of t and 69?
23
Let b = -114 - -164. Suppose -b*h + 9 = -47*h. What is the greatest common divisor of 6 and h?
3
Suppose 0 = -i - 3*o + 9, 2*o + 37 - 9 = 5*i. What is the highest common divisor of 96 and i?
6
Let o(u) be the second derivative of 5*u**3/3 + 7*u**2/2 + 2*u. Let k be 5 + (1 - (-2 - -1)). Let q be o(k). What is the greatest common factor of q and 11?
11
Let m(q) = 12*q + 5. Let f be m(4). Let p = -33 + f. Let j be 8/p - 383/(-5). What is the greatest common factor of j and 7?
7
Let w be -2 - 8*(-5)/(-10). Let y be (-24 - 0)*w/9. Suppose -4*f - 48 - 208 = -5*v, -5*f = -5*v + 260. Calculate the greatest common factor of v and y.
16
Suppose 320 = 6*u + 122. Let z(f) = -16*f**3 - f**2 + f - 1. Let s be z(1). Let p = s + u. What is the highest common divisor of 176 and p?
16
Suppose -4*t - 9*q + 6*q = -125, 0 = -5*t + 3*q + 163. Calculate the greatest common factor of t and 1152.
32
Let f(o) = -o**3 + 3*o**2 + 8*o - 15. Let h be f(2). Suppose 180 = -4*a + 8*a. What is the highest common divisor of a and h?
5
Let d(w) = w**2 + 5*w - 126. Let z be d(-16). What is the greatest common divisor of 20 and z?
10
Suppose 2*p + 8 = 0, 1076 = -4*r + 8*r - 4*p. What is the highest common divisor of 5 and r?
5
Suppose 3*j + j = 44. Let n be 70/22 - 2/j. Let k(q) = 8*q**2 - 2*q + 4. Let p be k(n). What is the greatest common divisor of p and 28?
14
Let b = 881 - 821. Calculate the highest common factor of b and 210.
30
Let g = -226 + 142. Let y = g - -124. Calculate the greatest common factor of y and 10.
10
Let h be (-948)/132 + (-4)/(-22). Let s(q) = q**2 - q - 11. Let w be s(h). What is the highest common factor of w and 75?
15
Let b(a) = 12*a**2 + 2*a - 2. Let l be b(2). Suppose 1 + 2 = 3*p. Let s be (12 - p) + -1 + 0. What is the greatest common factor of s and l?
10
Let f = 775 + -632. What is the greatest common factor of f and 26?
13
Let w(r) = 88*r - 164. Let t be w(6). What is the highest common divisor of t and 260?
52
Suppose -4*t = -283 + 43. Let b = t + -45. Calculate the highest common divisor of b and 45.
15
Let c(k) = k + 18. Let y be c(-10). What is the greatest common divisor of 200 and y?
8
Suppose 532 = -9*b + 37*b. What is the highest common divisor of b and 608?
19
Let l = 364 - 300. What is the greatest common divisor of 160 and l?
32
Let y(z) = z**3 + 8*z**2 + 4*z - 7. Let f be y(-7). Let k = 2 + f. Let m = -19 - -83. What is the highest common factor of k and m?
16
Let h be 114 - (4 - 10 - -16). What is the greatest common factor of h and 117?
13
Suppose 793*q - 794*q + 15 = 0. What is the highest common factor of q and 40?
5
Let o(s) = 14*s - 59. Let r be ((-110)/35 + 4)*7. Let d be o(r). What is the highest common divisor of d and 200?
25
Let a(d) = -4*d + 220. Let q be a(34). Calculate the greatest common factor of q and 24.
12
Let x be (0 - -1)*-1*1 - -85. Let z be (-2)/7 + (-447)/(-21). Calculate the highest common factor of z and x.
21
Let c = -942 + 1377. Calculate the highest common factor of 30 and c.
15
Let p(w) = w**3 + 4*w + 5. Let c be p(4). Let u be (-501)/(-15) - (3 - (-72)/(-20)). What is the greatest common factor of u and c?
17
Let k(x) = -2022*x - 21. Let r be k(-1). Calculate the highest common factor of 69 and r.
69
Suppose -574*d + 556*d + 2952 = 0. What is the greatest common divisor of 4 and d?
4
Let v(j) = j + 2*j - 63 + 79. Let n be v(6). What is the highest common factor of 17 and n?
17
Let h be (-56)/(-3)*(22/7 - -2). Suppose -5*s = -4*m - 91 - 16, -3*m + 48 = 3*s. Suppose h = s*a - 13*a. What is the greatest common factor of 64 and a?
16
Suppose -4*v + 9 + 11 = 0. Suppose 5*k + 2*n = 11, -k - 3 = -v*n + 11. What is the highest common factor of 4 and k?
1
Let r = 263 - 224. Calculate the highest common factor of r and 351.
39
Let q(o) = -5*o**3 + 2*o**2 - 2*o - 4. Let l be q(-2). Suppose 7*r - l = 22. What is the greatest common divisor of r and 80?
10
Suppose c - 14 = -7. Let v = -8 + c. Let k be v/(-2*4/240). What is the greatest common factor of k and 15?
15
Let u = 22 - 13. Suppose 0*p - 306 = -3*p + 3*h, -3*p = h - 294. What is the greatest common factor of u and p?
9
Let j be 4 - (2 + -2 - 83). Let f be j + (1 - 3) + 6. Suppose -4 = -5*c + 2*l + 69, 72 = 4*c - 5*l. What is the highest common factor of c and f?
13
Let j(k) = k**3 + 10*k**2 + k + 34. Let u be j(-10). Suppose 5*n - u = -3*n. Calculate the greatest common factor of n and 3.
3
Let c = 2 + 10. Let b be c/6 - (-5 - 0). What is the greatest common factor of b and 56?
7
Let m be (10/(-4))/((-22)/44). Calculate the greatest common factor of m and 1205.
5
Let d(i) = i**2 + 4*i + 10. Supp